mmon divisor of 126 and u.
42
Suppose -34*y + 912 = 18*y - 14*y. Calculate the highest common factor of y and 16.
8
Let u be -1 + (1506 - (8 - 13)). Let d = u + -938. Calculate the highest common factor of 104 and d.
52
Suppose 2*u - 32 = -3*z - 8, -z + 4 = 2*u. Let q(p) = -9 + 2*p - p + 3 + 4. Let g be q(z). What is the greatest common divisor of 128 and g?
8
Let h be 285 + 4/(-16)*0. Let t(i) = i**3 + 18*i**2 + 67*i + 10. Let u be t(-8). What is the highest common divisor of u and h?
57
Suppose 809*w + 4 = 811*w. Let f = 1 - 4. Let s be f/1 - (-34 - w). Calculate the greatest common divisor of 11 and s.
11
Let f be (-2)/(-9) + 756/972. Calculate the greatest common factor of f and 25.
1
Suppose 2*a + 2*z = 6*a - 658, -2*z - 166 = -a. Suppose 4*b - a = -44. Suppose b = 3*h + 21. What is the highest common divisor of 3 and h?
3
Let d = 5771 + -4776. What is the greatest common factor of d and 398?
199
Suppose 197 = 2*p - 283. Calculate the greatest common divisor of 216 and p.
24
Suppose b = -g - 4*b + 26178, 4*g - 2*b = 104536. Calculate the highest common factor of 14 and g.
14
Let b(s) = -32*s - 2. Let g be b(-2). Let p be ((-17608)/(-639))/((-61)/(-549)). What is the greatest common factor of g and p?
62
Suppose u - 5 = 4. Let x be (u/(-6))/(((-15)/70)/1). Calculate the highest common factor of 5 and x.
1
Let h be 1 + -3 + 4 + 3 + -10. Let k(w) = w + 22. Let c be k(h). Suppose 2*z = 145 - c. Calculate the greatest common divisor of 4 and z.
4
Let k be 21/3 + 6/(48/1624). What is the greatest common factor of k and 1120?
70
Suppose 3*x - 115 = -25. Let w = 121 - 123. Let m = w + 212. Calculate the highest common factor of x and m.
30
Suppose 5*o - 22 = a, -2*o + 9 = 5*a - 16. Let p be (2/3)/(a/360). Suppose -4*v = v - p. Calculate the highest common factor of 160 and v.
16
Suppose 402 - 432 = 6*u. Let q(j) = j**2 - 15*j - 74. Let h be q(u). Calculate the highest common factor of 13 and h.
13
Let s = 2325 - 2315. What is the highest common divisor of s and 4010?
10
Let c(q) = 571*q - 9421. Let n be c(17). Calculate the highest common factor of n and 52.
26
Let m(o) = -o**3 + 24*o**2 + 31*o - 46. Let f be m(25). Let z = -79 + f. Let i be z/(-15)*(-5 + 2). Calculate the highest common factor of i and 2.
1
Let k be -2 + (-2)/((-24)/50) - (-260)/(-1560). What is the highest common factor of k and 283?
1
Let n = 13345 - 13339. Calculate the highest common factor of 534 and n.
6
Let q = 196 - 76. Suppose -n + 4 = c - 2, -6 = -4*n + 5*c. Let y = n - -26. Calculate the highest common divisor of q and y.
30
Let m be 12/(-15)*30/(-12). Suppose -m = -t + 3. Suppose -4*s + 11 + t = 0, 4*p - 2*s - 76 = 0. What is the highest common factor of p and 14?
7
Suppose -4*v + 785 = -4*k + 3*k, 2*v + k = 391. Calculate the greatest common divisor of v and 12348.
196
Let t be ((-1155)/28)/(-15)*(90 + 2). Let h = t - 244. What is the highest common divisor of h and 5?
1
Suppose 21 - 65 = -4*f. Let j(k) = -k**3 + 2*k**2 - 14*k + 530. Let a be j(0). Let m = a + -343. Calculate the highest common divisor of f and m.
11
Suppose -39*c + 17750 + 223796 = -241079. Calculate the highest common divisor of 99 and c.
99
Let t = -156 + 170. Suppose 1177 = t*l - 293. Calculate the highest common divisor of 231 and l.
21
Let k be (3480/203)/(8/84). What is the highest common divisor of 580 and k?
20
Let y be ((-14 - 4) + 22)/(2/39). What is the highest common divisor of y and 9945?
39
Let w be (502/4)/((-54)/108). Let a = w - -267. Calculate the greatest common divisor of 40 and a.
8
Let f(j) = 73*j**3 - 5*j**2 - 17*j + 25. Let c be f(8). Calculate the greatest common factor of c and 45.
45
Suppose 5*a + 3*a - 185 - 55 = 0. Calculate the greatest common factor of 290 and a.
10
Suppose -5*x + 7063 = 4*d, 18*x - 2*d + 5648 = 22*x. What is the greatest common factor of x and 332?
83
Let l be ((-5)/((-50)/(-15)))/((-3)/40). Suppose 78 = 3*w + 5*a + 10, -5*a + l = 0. What is the highest common divisor of 44 and w?
4
Suppose 366*c - 7038 = -3*i + 362*c, 4*i = 5*c + 9322. What is the greatest common factor of 28 and i?
14
Let r = 20 - 14. Let b(d) be the first derivative of -d**2/2 + 9*d + 61. Let p be b(r). What is the highest common divisor of 9 and p?
3
Let r(u) = 18*u + 41. Let d be r(-2). Suppose 4*s = 3*l + 352, d*s - 4*l = l + 445. Calculate the greatest common divisor of s and 17.
17
Let k = 171 - 167. Suppose -2*j + 48 = k*f, 0 = 3*f - 7*f + 20. Calculate the greatest common factor of 2 and j.
2
Let u = 34 + -31. Suppose 99 = 4*g + u*q + 608, -4*q = 12. Let f = -53 - g. What is the highest common factor of f and 36?
36
Let u(j) = -j**3 - 27*j**2 - 174*j + 71. Let h be u(-16). Calculate the greatest common divisor of h and 147.
3
Let j = 14 + 3. Suppose -37*q + 14701 = 5266. Calculate the highest common factor of q and j.
17
Let c = -25 + 52. Let h(u) = -17*u**2 - 591*u - 439. Let b be h(-34). Calculate the highest common divisor of c and b.
3
Suppose -6*u = -u + 5*u. Let m be u/(13 + -6) + 187. Calculate the highest common factor of 51 and m.
17
Suppose -3*c = 4*m - 923 - 8918, -m + 3*c + 2434 = 0. What is the greatest common divisor of 5 and m?
5
Let c = -25953 + 26063. Let q = -2 - -3. Let z be q*(2 - 1)*11. What is the highest common factor of c and z?
11
Let i be (-30)/(-345) + 1857/69. Suppose 459*d + i = 460*d. Calculate the highest common factor of d and 783.
27
Let l be (((-594)/77)/(-3))/((-1681)/(-560) - 3). What is the greatest common divisor of l and 153?
9
Let t be (-12)/(-24) + 2*10/8. Suppose -t*z = -2*z + 1. Let b be ((-65)/15)/(z/3). Calculate the highest common divisor of 91 and b.
13
Let x be (-90 - 1)*11/231*(-52 - 2). What is the greatest common divisor of x and 9711?
117
Let a be 57/(2 + 1) + (-1 - 3). Suppose 13 - a = -q. Suppose 5*n = 2*j - 16 + 112, 0 = -q*j - 6. Calculate the highest common factor of 36 and n.
18
Suppose 0 = d + 19 - 129. Let g = -736 + 756. What is the greatest common divisor of d and g?
10
Suppose -4*a + 48*s - 50*s + 38364 = 0, 4*s = 2*a - 19202. What is the greatest common divisor of 362 and a?
181
Let w be 19/((-228)/(-104))*1*9. Suppose -4*k - 2*t = -124 - w, -2*k = 5*t - 113. What is the highest common divisor of k and 98?
49
Let t = 648 - 638. Let i(q) = q**3 - 5*q**2 + 5. Suppose -3*j = -5*g - 30, 9 = -5*g - 6. Let l be i(j). What is the highest common divisor of t and l?
5
Let i = -1706 - -1720. What is the greatest common divisor of 3682 and i?
14
Suppose -109*q = -127*q + 28458. Calculate the greatest common factor of 51 and q.
51
Let h be (-40)/16*(-31 - 425). Calculate the greatest common divisor of 960 and h.
60
Suppose 4*w = 9 + 11. Suppose 95*z + 25 = b + 90*z, 0 = z - 2. Calculate the greatest common factor of w and b.
5
Let n = 39 + -37. Let w(f) = 2*f**2 - 2*f - 1. Let q be w(n). Suppose -r + 2 = -0*m + q*m, 0 = -2*r + 2*m + 4. What is the highest common divisor of r and 2?
2
Suppose -15*o = -21*o + 12. Let m be ((-2)/2)/(5/(-20)). Suppose 3*l + 966 = m*j, 3*l = o*j + j - 723. Calculate the greatest common divisor of j and 27.
27
Suppose -15*j + 78 + 5 + 22 = 0. Let d be (1 - (0 + 0))*1. What is the highest common factor of d and j?
1
Suppose 121*p - 3740 = 3278. Calculate the highest common divisor of p and 1102.
58
Let m = -1532 + 6950. What is the greatest common factor of m and 54?
18
Let q(v) = v**2 - 20*v - 112. Let t be q(25). Suppose -3*j + 4*l - 3 = -t, -5*l + 3 = 4*j. What is the greatest common divisor of 4 and j?
2
Let n = -21 + 27. Let a be (2/6)/((n/(-180))/(-1)). Let p be (-14)/(-2)*180/a. Calculate the greatest common divisor of p and 14.
14
Let q = -2936 + 2996. What is the greatest common divisor of q and 540?
60
Suppose 22*h - 23*h - 5*c = -33, h - 21 = -2*c. Calculate the greatest common factor of 5161 and h.
13
Let t be 5/(25/6) - 3/15. Suppose 4*z - 5 = -25, 0 = 2*n - 2*z - 14. Calculate the highest common divisor of t and n.
1
Let h = -30 + 32. Let q be (-2)/(-3) + (h - (-42)/(-9)). Let u be 45*q/(2 - 8). Calculate the greatest common divisor of 150 and u.
15
Let r = 32995 + -32980. Calculate the highest common divisor of 555 and r.
15
Suppose 0 = t - 0*m + 2*m - 2, -3*t - 4*m = -6. Let o be (-7)/(-14)*-7*(t + -4). What is the greatest common factor of 896 and o?
7
Let o be 2 + -2 + 138/